[INFO] fetching crate bitcoin-cash-script-macro 0.2.0...
[INFO] checking bitcoin-cash-script-macro-0.2.0 against master#af3c6e733a40e671550e0f0f5aeecaa13772ba56 for pr-74989
[INFO] extracting crate bitcoin-cash-script-macro 0.2.0 into /workspace/builds/worker-8/source
[INFO] validating manifest of crates.io crate bitcoin-cash-script-macro 0.2.0 on toolchain af3c6e733a40e671550e0f0f5aeecaa13772ba56
[INFO] running `Command { std: "/workspace/cargo-home/bin/cargo" "+af3c6e733a40e671550e0f0f5aeecaa13772ba56" "read-manifest" "--manifest-path" "Cargo.toml", kill_on_drop: false }`
[INFO] started tweaking crates.io crate bitcoin-cash-script-macro 0.2.0
[INFO] finished tweaking crates.io crate bitcoin-cash-script-macro 0.2.0
[INFO] tweaked toml for crates.io crate bitcoin-cash-script-macro 0.2.0 written to /workspace/builds/worker-8/source/Cargo.toml
[INFO] running `Command { std: "/workspace/cargo-home/bin/cargo" "+af3c6e733a40e671550e0f0f5aeecaa13772ba56" "generate-lockfile" "--manifest-path" "Cargo.toml" "-Zno-index-update", kill_on_drop: false }`
[INFO] running `Command { std: "/workspace/cargo-home/bin/cargo" "+af3c6e733a40e671550e0f0f5aeecaa13772ba56" "fetch" "--locked" "--manifest-path" "Cargo.toml", kill_on_drop: false }`
[INFO] running `Command { std: "docker" "create" "-v" "/var/lib/crater-agent-workspace/builds/worker-8/target:/opt/rustwide/target:rw,Z" "-v" "/var/lib/crater-agent-workspace/builds/worker-8/source:/opt/rustwide/workdir:ro,Z" "-v" "/var/lib/crater-agent-workspace/cargo-home:/opt/rustwide/cargo-home:ro,Z" "-v" "/var/lib/crater-agent-workspace/rustup-home:/opt/rustwide/rustup-home:ro,Z" "-e" "SOURCE_DIR=/opt/rustwide/workdir" "-e" "CARGO_TARGET_DIR=/opt/rustwide/target" "-e" "CARGO_HOME=/opt/rustwide/cargo-home" "-e" "RUSTUP_HOME=/opt/rustwide/rustup-home" "-w" "/opt/rustwide/workdir" "-m" "1610612736" "--user" "0:0" "--network" "none" "rustops/crates-build-env@sha256:d92eaeed33fa75130ca1ee6c8a01d1ffb62bac859dfdfb3450e3e5d1c0146529" "/opt/rustwide/cargo-home/bin/cargo" "+af3c6e733a40e671550e0f0f5aeecaa13772ba56" "metadata" "--no-deps" "--format-version=1", kill_on_drop: false }`
[INFO] [stdout] 5296ceecf7c45c994c25decce17994ca9057ff4eeba45f8857b85bc8bce188bd
[INFO] [stderr] WARNING: Your kernel does not support swap limit capabilities or the cgroup is not mounted. Memory limited without swap.
[INFO] running `Command { std: "docker" "start" "-a" "5296ceecf7c45c994c25decce17994ca9057ff4eeba45f8857b85bc8bce188bd", kill_on_drop: false }`
[INFO] running `Command { std: "docker" "inspect" "5296ceecf7c45c994c25decce17994ca9057ff4eeba45f8857b85bc8bce188bd", kill_on_drop: false }`
[INFO] running `Command { std: "docker" "rm" "-f" "5296ceecf7c45c994c25decce17994ca9057ff4eeba45f8857b85bc8bce188bd", kill_on_drop: false }`
[INFO] [stdout] 5296ceecf7c45c994c25decce17994ca9057ff4eeba45f8857b85bc8bce188bd
[INFO] running `Command { std: "docker" "create" "-v" "/var/lib/crater-agent-workspace/builds/worker-8/target:/opt/rustwide/target:rw,Z" "-v" "/var/lib/crater-agent-workspace/builds/worker-8/source:/opt/rustwide/workdir:ro,Z" "-v" "/var/lib/crater-agent-workspace/cargo-home:/opt/rustwide/cargo-home:ro,Z" "-v" "/var/lib/crater-agent-workspace/rustup-home:/opt/rustwide/rustup-home:ro,Z" "-e" "SOURCE_DIR=/opt/rustwide/workdir" "-e" "CARGO_TARGET_DIR=/opt/rustwide/target" "-e" "CARGO_INCREMENTAL=0" "-e" "RUST_BACKTRACE=full" "-e" "RUSTFLAGS=--cap-lints=forbid" "-e" "CARGO_HOME=/opt/rustwide/cargo-home" "-e" "RUSTUP_HOME=/opt/rustwide/rustup-home" "-w" "/opt/rustwide/workdir" "-m" "1610612736" "--user" "0:0" "--network" "none" "rustops/crates-build-env@sha256:d92eaeed33fa75130ca1ee6c8a01d1ffb62bac859dfdfb3450e3e5d1c0146529" "/opt/rustwide/cargo-home/bin/cargo" "+af3c6e733a40e671550e0f0f5aeecaa13772ba56" "check" "--frozen" "--all" "--all-targets" "--message-format=json", kill_on_drop: false }`
[INFO] [stderr] WARNING: Your kernel does not support swap limit capabilities or the cgroup is not mounted. Memory limited without swap.
[INFO] [stdout] 571c32ffbebf19be25846e5ae683e8f6b6eecc13befdf9ed3d98658e5254129c
[INFO] running `Command { std: "docker" "start" "-a" "571c32ffbebf19be25846e5ae683e8f6b6eecc13befdf9ed3d98658e5254129c", kill_on_drop: false }`
[INFO] [stderr]    Compiling proc-macro2 v1.0.21
[INFO] [stderr]    Compiling getrandom v0.1.15
[INFO] [stderr]    Compiling version_check v0.9.2
[INFO] [stderr]     Checking cfg-if v0.1.10
[INFO] [stderr]    Compiling unicode-xid v0.2.1
[INFO] [stderr]    Compiling syn v1.0.40
[INFO] [stderr]    Compiling serde v1.0.116
[INFO] [stderr]    Compiling typenum v1.12.0
[INFO] [stderr]    Compiling serde_derive v1.0.116
[INFO] [stderr]    Compiling lazy_static v1.4.0
[INFO] [stderr]    Compiling ppv-lite86 v0.2.9
[INFO] [stderr]    Compiling ryu v1.0.5
[INFO] [stderr]     Checking opaque-debug v0.3.0
[INFO] [stderr]    Compiling hex v0.4.2
[INFO] [stderr]    Compiling serde_json v1.0.57
[INFO] [stderr]     Checking same-file v1.0.6
[INFO] [stderr]     Checking cpuid-bool v0.1.2
[INFO] [stderr]     Checking remove_dir_all v0.5.3
[INFO] [stderr]     Checking itoa v0.4.6
[INFO] [stderr]    Compiling hex-literal v0.3.1
[INFO] [stderr]     Checking bimap v0.5.2
[INFO] [stderr]    Compiling num-traits v0.2.12
[INFO] [stderr]    Compiling num-integer v0.1.43
[INFO] [stderr]    Compiling num-bigint v0.3.0
[INFO] [stderr]    Compiling num-rational v0.3.0
[INFO] [stderr]    Compiling num-iter v0.1.41
[INFO] [stderr]    Compiling thread_local v1.0.1
[INFO] [stderr]     Checking walkdir v2.3.1
[INFO] [stderr]     Checking semver v0.9.0
[INFO] [stderr]     Checking pretty_assertions v0.6.1
[INFO] [stderr]    Compiling libc v0.2.77
[INFO] [stderr]    Compiling byteorder v1.3.4
[INFO] [stderr]    Compiling generic-array v0.14.4
[INFO] [stderr]    Compiling error-chain v0.12.4
[INFO] [stderr]     Checking dirs v1.0.5
[INFO] [stderr]     Checking backtrace v0.3.50
[INFO] [stderr]     Checking rand_core v0.5.1
[INFO] [stderr]    Compiling regex v1.3.9
[INFO] [stderr]     Checking rand_chacha v0.2.2
[INFO] [stderr]     Checking rand v0.7.3
[INFO] [stderr]     Checking quote v1.0.7
[INFO] [stderr]    Compiling num-complex v0.3.0
[INFO] [stderr]     Checking toolchain_find v0.1.4
[INFO] [stderr]     Checking digest v0.9.0
[INFO] [stderr]     Checking block-buffer v0.9.0
[INFO] [stderr]     Checking tempfile v3.1.0
[INFO] [stderr]     Checking ripemd160 v0.9.1
[INFO] [stderr]     Checking sha2 v0.9.1
[INFO] [stderr]     Checking sha-1 v0.9.1
[INFO] [stderr]     Checking num v0.3.0
[INFO] [stderr]    Compiling num-derive v0.3.2
[INFO] [stderr]    Compiling bitcoin-cash-base v0.2.0
[INFO] [stderr]     Checking bitcoin-cash-script-macro v0.2.0 (/opt/rustwide/workdir)
[INFO] [stderr]    Compiling bitcoin-cash-script-macro v0.2.0
[INFO] [stderr]     Checking bitcoin-cash v0.2.3
[INFO] [stdout] error: No rustfmt could be found.
[INFO] [stdout]   --> /opt/rustwide/cargo-home/registry/src/github.com-1ecc6299db9ec823/bitcoin-cash-0.2.3/src/scripts.rs:13:5
[INFO] [stdout]    |
[INFO] [stdout] 13 | pub fn p2pkh_script(address: &Address, sig: ByteArray, pubkey: ByteArray) {
[INFO] [stdout]    |     ^^^^^^^^^^^^^^^^^^^^^^^^^^^^^^^^^^^^^^^^^^^^^^^^^^^^^^^^^^^^^^^^^^^^^
[INFO] [stdout] 
[INFO] [stdout] 
[INFO] [stdout] error: No rustfmt could be found.
[INFO] [stdout]   --> /opt/rustwide/cargo-home/registry/src/github.com-1ecc6299db9ec823/bitcoin-cash-0.2.3/src/scripts.rs:22:5
[INFO] [stdout]    |
[INFO] [stdout] 22 | pub fn p2sh_script(address: &Address, redeem_script: ByteArray) {
[INFO] [stdout]    |     ^^^^^^^^^^^^^^^^^^^^^^^^^^^^^^^^^^^^^^^^^^^^^^^^^^^^^^^^^^^
[INFO] [stdout] 
[INFO] [stdout] 
[INFO] [stdout] error[E0425]: cannot find function `p2sh_script` in this scope
[INFO] [stdout]   --> /opt/rustwide/cargo-home/registry/src/github.com-1ecc6299db9ec823/bitcoin-cash-0.2.3/src/scripts.rs:31:34
[INFO] [stdout]    |
[INFO] [stdout] 31 |             AddressType::P2SH => p2sh_script(self).into(),
[INFO] [stdout]    |                                  ^^^^^^^^^^^------
[INFO] [stdout]    |                                  |
[INFO] [stdout]    |                                  help: try calling `p2sh_script` as a method: `self.p2sh_script()`
[INFO] [stdout] 
[INFO] [stdout] 
[INFO] [stdout] error[E0425]: cannot find function `p2pkh_script` in this scope
[INFO] [stdout]   --> /opt/rustwide/cargo-home/registry/src/github.com-1ecc6299db9ec823/bitcoin-cash-0.2.3/src/scripts.rs:32:35
[INFO] [stdout]    |
[INFO] [stdout] 32 |             AddressType::P2PKH => p2pkh_script(self).into(),
[INFO] [stdout]    |                                   ^^^^^^^^^^^^------
[INFO] [stdout]    |                                   |
[INFO] [stdout]    |                                   help: try calling `p2pkh_script` as a method: `self.p2pkh_script()`
[INFO] [stdout] 
[INFO] [stdout] 
[INFO] [stdout] error[E0425]: cannot find function `p2sh_script` in this scope
[INFO] [stdout]   --> /opt/rustwide/cargo-home/registry/src/github.com-1ecc6299db9ec823/bitcoin-cash-0.2.3/src/scripts.rs:40:34
[INFO] [stdout]    |
[INFO] [stdout] 40 |             AddressType::P2SH => p2sh_script(&self).into(),
[INFO] [stdout]    |                                  ^^^^^^^^^^^-------
[INFO] [stdout]    |                                  |
[INFO] [stdout]    |                                  help: try calling `p2sh_script` as a method: `self.p2sh_script()`
[INFO] [stdout] 
[INFO] [stdout] 
[INFO] [stdout] error[E0425]: cannot find function `p2pkh_script` in this scope
[INFO] [stdout]   --> /opt/rustwide/cargo-home/registry/src/github.com-1ecc6299db9ec823/bitcoin-cash-0.2.3/src/scripts.rs:41:35
[INFO] [stdout]    |
[INFO] [stdout] 41 |             AddressType::P2PKH => p2pkh_script(&self).into(),
[INFO] [stdout]    |                                   ^^^^^^^^^^^^-------
[INFO] [stdout]    |                                   |
[INFO] [stdout]    |                                   help: try calling `p2pkh_script` as a method: `self.p2pkh_script()`
[INFO] [stdout] 
[INFO] [stdout] 
[INFO] [stdout] error[E0412]: cannot find type `P2PKHInputs` in this scope
[INFO] [stdout]   --> /opt/rustwide/cargo-home/registry/src/github.com-1ecc6299db9ec823/bitcoin-cash-0.2.3/src/scripts.rs:47:19
[INFO] [stdout]    |
[INFO] [stdout] 47 |     type Script = P2PKHInputs;
[INFO] [stdout]    |                   ^^^^^^^^^^^ not found in this scope
[INFO] [stdout] 
[INFO] [stdout] 
[INFO] [stdout] error[E0422]: cannot find struct, variant or union type `P2PKHInputs` in this scope
[INFO] [stdout]   --> /opt/rustwide/cargo-home/registry/src/github.com-1ecc6299db9ec823/bitcoin-cash-0.2.3/src/scripts.rs:63:9
[INFO] [stdout]    |
[INFO] [stdout] 63 |         P2PKHInputs {
[INFO] [stdout]    |         ^^^^^^^^^^^ not found in this scope
[INFO] [stdout] 
[INFO] [stdout] 
[INFO] [stdout] error: aborting due to 8 previous errors
[INFO] [stdout] 
[INFO] [stdout] 
[INFO] [stdout] Some errors have detailed explanations: E0412, E0422, E0425.
[INFO] [stdout] 
[INFO] [stdout] For more information about an error, try `rustc --explain E0412`.
[INFO] [stdout] 
[INFO] [stderr] error: could not compile `bitcoin-cash`.
[INFO] [stderr] 
[INFO] [stderr] To learn more, run the command again with --verbose.
[INFO] running `Command { std: "docker" "inspect" "571c32ffbebf19be25846e5ae683e8f6b6eecc13befdf9ed3d98658e5254129c", kill_on_drop: false }`
[INFO] running `Command { std: "docker" "rm" "-f" "571c32ffbebf19be25846e5ae683e8f6b6eecc13befdf9ed3d98658e5254129c", kill_on_drop: false }`
[INFO] [stdout] 571c32ffbebf19be25846e5ae683e8f6b6eecc13befdf9ed3d98658e5254129c
